 of a and 11.
11
Let l(j) = -1 - 10*j + 26*j + 2. Let q = 3 - 2. Let g be l(q). Calculate the highest common factor of 136 and g.
17
Let l be 6/(-14) + 27824/112. Let i be (-4)/(-28) - l/(-28). What is the highest common factor of i and 72?
9
Suppose 0 = w + w - 4. Suppose -y + 41 = u, -3*y - w*u + 0*u = -124. Calculate the greatest common divisor of 63 and y.
21
Let z be (5 + -4)/(-2)*(-11 + 1). What is the highest common divisor of 5 and z?
5
Let a be (-3276)/(-147) - -2*(-1)/7. What is the greatest common divisor of a and 2?
2
Let g(h) = 5*h**2 + h + 15. Let n be g(-5). What is the highest common divisor of n and 45?
45
Let u = -9 - -27. Let n = -163 + 235. Calculate the highest common divisor of n and u.
18
Let t = -26 + 31. Suppose -3*s + 0 = -6. Let x be (s - -4) + (1 - 2). What is the greatest common factor of t and x?
5
Suppose 2*t - 566 = -4*g, 5*t + g - 1399 = -g. Calculate the highest common factor of 9 and t.
9
Suppose -5*l = -128 - 152. Let p(c) = -c**2 + 8*c - 5. Let s = -13 + 19. Let j be p(s). What is the highest common divisor of l and j?
7
Let g(p) = 3*p**2 - 4*p. Let d(l) = -l**2 + l. Let w(j) = -6*d(j) - g(j). Let h be w(3). What is the greatest common divisor of h and 7?
7
Suppose 0 = -m - 4*m + 160. What is the greatest common factor of m and 4?
4
Suppose 0 = -3*n + 3 + 18. Calculate the greatest common divisor of n and 7.
7
Let a(x) = -7*x**2 - 2*x - 2. Let f be a(-1). Let v be -10 + 10 - (f - 0). What is the greatest common divisor of 35 and v?
7
Let b = -39 + 284. Let l(j) = j**2 - 5*j + 2. Let w be l(5). Suppose b - 85 = w*h. Calculate the highest common factor of h and 10.
10
Let h(q) be the third derivative of -11*q**4/24 + 5*q**3/6 + q**2. Let x be (10/8)/((-2)/8). Let l be h(x). Calculate the highest common factor of 15 and l.
15
Suppose -5*y = 4*r - 2*r - 9, -2*y - 10 = 0. Suppose 0 = -j + 4*h + 1 + r, 4*j - 4*h = 72. What is the greatest common factor of j and 2?
2
Suppose -3*w = -16 - 5. Let q be (1 + 0)*4/4. Calculate the greatest common divisor of w and q.
1
Let c be (-1)/(((-6)/2)/735). Suppose -k - 2*r = -49, 5*k + 0*r - c = 5*r. What is the greatest common factor of k and 7?
7
Let o(l) = 6*l + 134. Let x be o(-18). Let k(g) = 2*g**2 - 3*g - 5. Let w be k(-4). Calculate the highest common factor of x and w.
13
Let u be (-2)/(-12) + (-38)/12. Let l be -2*(-5 - (u - 0)). What is the greatest common divisor of l and 2?
2
Let h(r) = -141*r - 7. Let t be h(-2). Suppose -f + 5*f - 100 = 0. Calculate the greatest common divisor of f and t.
25
Suppose -7*i + 418 = -4*i + 2*k, -k = -4*i + 539. What is the highest common factor of i and 8?
8
Let c be (-227)/(-15) + ((-2)/15 - 0). Calculate the greatest common divisor of c and 5.
5
Let u be 7*(-1)/(-7)*-6. Let k(g) = g**2 + 3*g - 4. Let m be k(u). Calculate the greatest common factor of 35 and m.
7
Let d = -5 - -12. Suppose 0 = d*n - 2*n - 75. Calculate the greatest common divisor of 6 and n.
3
Suppose 4*v = g - 27, -3*v - 3 = -5*g + 13. Let w = 9 + v. Suppose 5*r - 4*y = 17 + 89, -2*r + 4*y + 40 = 0. What is the highest common divisor of w and r?
2
Suppose 5*l - 5*m = 405, -m + 2*m - 159 = -2*l. Let r = 38 + -25. Let p = 21 - r. What is the greatest common divisor of l and p?
8
Let x = 12 - 83. Let g = x - -287. Calculate the greatest common divisor of g and 24.
24
Suppose 0*m + m + v = 5, -v + 1 = -m. Let w(u) = u + 31. Let a be w(-27). Calculate the highest common factor of a and m.
2
Let o = 151 + -76. Let i = o - 40. Calculate the greatest common factor of 14 and i.
7
Let z be 6 + -6 + 0 + 365. Suppose 5*b - z = -50. What is the highest common divisor of b and 9?
9
Let b be (-25)/(-4) - (-2)/(-8). Let h(z) = -z**3 - 5*z**2 + 7*z - 7. Let j be h(-7). What is the greatest common factor of j and b?
6
Let o be 2 + -7 - 15/5. Let q(g) = g**3 + 7*g**2 - 10*g - 9. Let x be q(o). What is the greatest common divisor of 49 and x?
7
Let p(k) = k**2 - 5*k + 2. Let s be p(6). Suppose -5*y = -y. Suppose -v + 35 + 37 = y. Calculate the greatest common divisor of s and v.
8
Let o(l) = 2*l - 10. Let g be o(7). Calculate the highest common divisor of 10 and g.
2
Let v(o) = o**3 - 3*o**2 + 2*o - 2. Let a be v(3). Let w(r) = r**3 - 10*r**2 - 12*r + 15. Let k be w(11). What is the greatest common divisor of k and a?
4
Let s(q) = -q. Let j be s(-4). Let n(w) = 57*w + 3. Let y be n(j). What is the greatest common factor of y and 21?
21
Let w(u) = -4*u**3 - 3*u**2 + 2*u + 2. Let v be w(-3). Suppose -5*r + v - 27 = 0. Calculate the greatest common divisor of 110 and r.
10
Let d = -4 + 12. Suppose 150 = -3*f + d*f. Let k(a) = -2*a + 4. Let v be k(-4). Calculate the highest common divisor of v and f.
6
Let s(f) = 4*f + 8. Let h be s(10). Calculate the highest common divisor of 6 and h.
6
Suppose 0 = -2*m + 2*j - 15 + 125, -4*m = -2*j - 218. Let x = 45 + -27. Calculate the greatest common divisor of m and x.
18
Suppose 5*b - 104 = b. What is the highest common factor of 26 and b?
26
Let k(a) = -a - 5*a + 3*a**2 + 0*a**2. Suppose 0 = -4*v + 24. Let j be k(v). What is the greatest common divisor of 8 and j?
8
Let m = 24 - 23. What is the highest common divisor of m and 13?
1
Let o(s) = 9*s - 6. Let k be o(4). Suppose 0 = 2*z + 4*n - 18 - 4, 0 = -z - n + 7. What is the greatest common divisor of z and k?
3
Let i(n) = n + 1. Let g = -2 + 3. Let m be i(g). Calculate the greatest common divisor of 14 and m.
2
Let k(o) = 3*o**2 - 6. Let t be k(-4). What is the highest common divisor of t and 63?
21
Suppose 2*n + 16 = -2*n. Let j = 8 + n. Suppose -4*m = -p - 212, -6*p = -4*m - j*p + 216. Calculate the greatest common factor of m and 13.
13
Let i be (-6)/10 + (-3939)/(-65). What is the highest common divisor of 12 and i?
12
Let k(f) = -5 + 0 - 5*f - 2*f - 1. Let n be k(-4). Calculate the highest common divisor of n and 11.
11
Let d(t) = 1 - 6*t + 2 - t - 4. Let x be d(-2). Calculate the greatest common divisor of 39 and x.
13
Let w(h) = -h**2 + 3*h + 26. Let f be w(5). What is the highest common factor of f and 8?
8
Let t(a) = 6*a - 6. Let c be t(5). Let i be -1*-2*3*(-2)/(-4). Calculate the highest common divisor of i and c.
3
Suppose 3*v + v + 8 = 5*u, 5*v - 35 = -5*u. Calculate the highest common divisor of u and 2.
2
Let x be -1 + (6 - -1*1). Let t(c) = 5*c**3 + c**2 - 7*c. Let p be t(2). What is the greatest common factor of x and p?
6
Let n = 651 + -456. Suppose n + 65 = 4*d. Calculate the highest common divisor of d and 26.
13
Suppose 7*f = 3*f + 20. Let u(k) = k**2 + k - 4. Let t be u(0). Let g be -50*(2/t - 0). Calculate the greatest common divisor of g and f.
5
Suppose -41 - 7 = -2*f. Suppose 0 = -4*u - 2*d + 2, 0*d + 3*d - 9 = -3*u. Let n = u + 98. Calculate the highest common factor of f and n.
24
Let m = 4 + -3. Let n be m/4 + (-14)/(-8). What is the highest common factor of n and 8?
2
Let q(j) = 3*j**2 + 2*j. Let o be q(-5). Suppose -y - 3 = 3*y - a, -3*y - a - 11 = 0. Let d be y/(-4) + 50/4. Calculate the greatest common divisor of d and o.
13
Let u(a) be the third derivative of -7/6*a**3 + 0 + 0*a + 7/24*a**4 - a**2. Let k be u(5). What is the greatest common factor of 14 and k?
14
Let c(n) = 4*n**3 + n - 1. Suppose -l + 4*l = 0. Let z = l - -3. Let h be c(z). Calculate the greatest common factor of h and 10.
10
Suppose 5*m + 83 = 253. Let j(w) = 1. Let a(h) = -17*h + 4. Let n(b) = a(b) - 4*j(b). Let y be n(-3). Calculate the highest common factor of y and m.
17
Suppose -8*t + 168 = -5*t. What is the highest common divisor of t and 7?
7
Let n be -1 + 1 - 1 - -5. Suppose -15 = -i + 11. Suppose 3*b - b - i = -4*y, -4*b = -4*y + 20. Calculate the highest common divisor of n and y.
2
Let b be -3 - -1 - (-11 + -1)/3. What is the greatest common factor of b and 3?
1
Suppose -343 = -3*u + 350. What is the greatest common divisor of u and 21?
21
Let c be (6/(-5))/3*-30. Suppose -b = 3*m, -b - 3*m - m - 4 = 0. What is the highest common factor of c and b?
12
Let p = -3 + 11. Suppose p*n = 3*n + 150. Calculate the greatest common factor of n and 6.
6
Let k(p) = -6*p - 1. Suppose 2 = -s - 1. Let d be k(s). Suppose b + 1 = d. Calculate the highest common divisor of b and 4.
4
Suppose 5 = 2*o + 1. What is the highest common factor of 6 and o?
2
Let j be 5/(-3)*-1*27. Suppose -3*p = m + 7, -p